506.
2, 7, 50380679
What are the prime factors of 455920793?
137, 151, 22039
List the prime factors of 46508744.
2, 5813593
What are the prime factors of 172148373?
3, 127, 150611
List the prime factors of 556817701.
11, 83, 609877
What are the prime factors of 527167238?
2, 13, 20275663
What are the prime factors of 36631719?
3, 17, 239423
What are the prime factors of 768617434?
2, 13, 67, 433, 1019
What are the prime factors of 6527577778?
2, 67, 131, 371857
What are the prime factors of 22224763?
11, 17, 157, 757
What are the prime factors of 363190746?
2, 3, 23, 2631817
What are the prime factors of 66951994?
2, 191, 175267
What are the prime factors of 17269098?
2, 3, 7, 11, 37379
What are the prime factors of 667959211?
61, 10950151
List the prime factors of 15863150.
2, 5, 317263
List the prime factors of 43636901.
7, 11, 19, 4261
What are the prime factors of 309062354?
2, 11497, 13441
List the prime factors of 20833980.
2, 3, 5, 347233
List the prime factors of 30624654.
2, 3, 5104109
What are the prime factors of 409295049?
3, 71, 1921573
List the prime factors of 941873412.
2, 3, 78489451
List the prime factors of 658467095.
5, 11, 13, 70841
List the prime factors of 5064173039.
83, 1327, 45979
What are the prime factors of 115480410?
2, 3, 5, 47, 81901
List the prime factors of 47067071.
37, 677, 1879
What are the prime factors of 645049156?
2, 17, 137, 4073
List the prime factors of 220095572.
2, 127, 433259
What are the prime factors of 424554831?
3, 89, 176677
What are the prime factors of 29351363?
29351363
What are the prime factors of 196162107?
3, 4643, 14083
What are the prime factors of 1397855191?
1397855191
What are the prime factors of 736730569?
37, 1601, 12437
List the prime factors of 59128747.
59128747
What are the prime factors of 43040446?
2, 919, 23417
What are the prime factors of 1026666744?
2, 3, 73, 585997
List the prime factors of 8285412.
2, 3, 43, 16057
List the prime factors of 264231867.
3, 17, 5181017
List the prime factors of 1539933601.
139, 11078659
List the prime factors of 7293010935.
3, 5, 7, 691, 100517
List the prime factors of 28803779.
28803779
What are the prime factors of 1986316409?
7, 11, 23, 83, 13513
What are the prime factors of 74158048?
2, 2317439
List the prime factors of 18842657.
37, 41, 12421
List the prime factors of 7060857863.
59, 233, 293, 1753
List the prime factors of 1238876320.
2, 5, 11, 703907
List the prime factors of 1436478.
2, 3, 31, 7723
What are the prime factors of 247454768?
2, 11, 383, 3671
What are the prime factors of 499256363?
499256363
List the prime factors of 23751440.
2, 5, 359, 827
What are the prime factors of 754341283?
7789, 96847
List the prime factors of 3145119577.
3145119577
What are the prime factors of 60658158?
2, 3, 11, 919063
List the prime factors of 335576460.
2, 3, 5, 5592941
List the prime factors of 2274082605.
3, 5, 17, 1129, 2633
List the prime factors of 2934416239.
37, 79308547
List the prime factors of 562533123.
3, 187511041
List the prime factors of 405409653.
3, 11, 372277
What are the prime factors of 3159156913?
11, 287196083
What are the prime factors of 711519702?
2, 3, 118586617
What are the prime factors of 1183493763?
3, 53, 83, 167, 179
What are the prime factors of 1313419564?
2, 1867, 175873
List the prime factors of 149889833.
17, 8817049
What are the prime factors of 141390931?
11, 12853721
List the prime factors of 2729158826.
2, 97, 14067829
List the prime factors of 235747272.
2, 3, 67, 146609
What are the prime factors of 2593861103?
2593861103
List the prime factors of 355739949.
3, 39526661
What are the prime factors of 50544465?
3, 5, 19, 67, 2647
List the prime factors of 799908782.
2, 399954391
List the prime factors of 235403905.
5, 11, 4280071
What are the prime factors of 2852934850?
2, 5, 6679, 8543
What are the prime factors of 1658872514?
2, 13, 463, 137803
What are the prime factors of 159908243?
11, 2731, 5323
List the prime factors of 1951917345.
3, 5, 7, 61, 11287
What are the prime factors of 435579011?
7, 62225573
List the prime factors of 198402773.
449, 441877
What are the prime factors of 498149?
151, 3299
List the prime factors of 391666527.
3, 7, 6216929
What are the prime factors of 2835810962?
2, 1417905481
List the prime factors of 30823920.
2, 3, 5, 31, 1381
What are the prime factors of 3391521703?
2141, 1584083
List the prime factors of 242779748.
2, 97, 521, 1201
List the prime factors of 143301005.
5, 373, 76837
List the prime factors of 315087391.
315087391
What are the prime factors of 469051671?
3, 11, 14213687
What are the prime factors of 972727292?
2, 243181823
List the prime factors of 155906344.
2, 11, 71, 24953
List the prime factors of 2613880025.
5, 104555201
List the prime factors of 941710424.
2, 47, 89, 107, 263
What are the prime factors of 404363097?
3, 4992137
What are the prime factors of 5995132417?
5995132417
List the prime factors of 433680814.
2, 7, 19, 1630379
List the prime factors of 33170223.
3, 103, 107347
What are the prime factors of 932206404?
2, 3, 1667, 46601
List the prime factors of 866840834.
2, 47, 9221711
List the prime factors of 668133161.
37, 1753, 10301
What are the prime factors of 5776069030?
2, 5, 131, 1019, 4327
List the prime factors of 94676498.
2, 7, 6762607
List the prime factors of 38821432.
2, 13, 43, 8681
List the prime factors of 2182057535.
5, 7, 61, 191, 5351
What are the prime factors of 79130251?
853, 92767
List the prime factors of 60545143.
17, 3561479
What are the prime factors of 22032288?
2, 3, 113, 677
What are the prime factors of 1416840070?
2, 5, 19, 7457053
What are the prime factors of 4105509483?
3, 1368503161
What are the prime factors of 1472568505?
5, 41, 7183261
What are the prime factors of 117793452?
2, 3, 7, 200329
List the prime factors of 33279610.
2, 5, 7, 13, 36571
List the prime factors of 694131520.
2, 5, 2169161
What are the prime factors of 44266578?
2, 3, 37, 199399
List the prime factors of 165495447.
3, 13, 36269
What are the prime factors of 460212125?
5, 3681697
What are the prime factors of 423280169?
13, 31, 1050323
List the prime factors of 351356598.
2, 3, 1699, 11489
What are the prime factors of 16961869?
17, 479, 2083
List the prime factors of 887576751.
3, 71, 463003
What are the prime factors of 96024147?
3, 89, 359641
List the prime factors of 1552794815.
5, 11, 13, 15187
List the prime factors of 1313158868.
2, 7, 2011, 23321
List the prime factors of 2070083389.
11, 67, 2808797
List the prime factors of 68329108.
2, 2341, 7297
List the prime factors of 37570830.
2, 3, 5, 11, 257, 443
List the prime factors of 165331680.
2, 3, 5, 31, 41, 271
List the prime factors of 1122839319.
3, 7, 53468539
What are the prime factors of 777980362?
2, 15629, 24889
List the prime factors of 3322418687.
7, 1249, 54287
What are the prime factors of 2958549?
3, 11, 89653
What are the prime factors of 8866551?
3, 71, 41627
What are the prime factors of 19315673?
13, 1485821
What are the prime factors of 512237?
11, 46567
What are the prime factors of 1486440098?
2, 11, 13, 5197343
List the prime factors of 438614612.
2, 3739, 29327
List the prime factors of 153609048.
2, 3, 26339
What are the prime factors of 26411391?
3, 173, 16963
What are the prime factors of 450922120?
2, 5, 11, 1024823
List the prime factors of 117742079.
7, 13, 1293869
What are the prime factors of 2430454816?
2, 37, 2052749
What are the prime factors of 42014729?
42014729
List the prime factors of 13081096.
2, 7, 233591
What are the prime factors of 1626995746?
2, 37, 401, 54829
What are the prime factors of 1383034062?
2, 3, 31, 7435667
List the prime factors of 147707691.
3, 19, 2591363
What are the prime factors of 56461647?
3, 11, 1710959
List the prime factors of 2673989708.
2, 13, 53, 73, 13291
What are the prime factors of 895720736?
2, 47, 389, 1531
List the prime factors of 415875328.
2, 11, 23, 6421
What are the prime factors of 175559879?
11, 3989, 4001
What are the prime factors of 2080573019?
7, 15991, 18587
What are the prime factors of 1626340?
2, 5, 233, 349
List the prime factors of 10026401.
7, 11, 59, 2207
What are the prime factors of 930809313?
3, 7, 17, 32189
What are the prime factors of 841654531?
84165